ate the greatest common factor of 39835477 and 41.
41
Calculate the greatest common divisor of 744 and 1743006.
186
What is the greatest common factor of 9824 and 3991?
307
What is the greatest common factor of 752 and 1152?
16
Calculate the greatest common factor of 420 and 74004.
84
What is the highest common factor of 107682 and 3699?
411
Calculate the greatest common divisor of 4358 and 50117.
2179
What is the highest common divisor of 69 and 1713?
3
What is the highest common divisor of 55761 and 27?
3
What is the greatest common divisor of 1625 and 44720?
65
What is the highest common factor of 915 and 1215?
15
What is the highest common divisor of 49556 and 156?
52
Calculate the greatest common divisor of 9178 and 326878.
706
Calculate the greatest common factor of 80561 and 13.
13
Calculate the greatest common divisor of 2352 and 182544.
48
Calculate the highest common divisor of 434 and 49228.
62
Calculate the greatest common factor of 1951066 and 104.
26
Calculate the greatest common factor of 40722 and 264.
66
Calculate the highest common factor of 3138 and 18.
6
Calculate the highest common factor of 31104 and 1701.
243
What is the greatest common factor of 37027 and 7891?
607
What is the greatest common factor of 1148 and 2210474?
574
What is the greatest common divisor of 320 and 6224800?
160
What is the highest common factor of 493642 and 1696?
106
What is the highest common factor of 612 and 168147?
153
What is the highest common divisor of 100 and 156680?
20
What is the highest common factor of 68817 and 226?
113
What is the greatest common factor of 198084 and 986?
34
Calculate the greatest common factor of 9416 and 3894.
22
What is the greatest common divisor of 1125 and 21?
3
What is the greatest common factor of 309949 and 37?
37
Calculate the greatest common divisor of 774488 and 88.
88
Calculate the greatest common factor of 7944 and 682522.
662
Calculate the highest common divisor of 36 and 1972566.
18
What is the greatest common divisor of 331 and 452477?
331
What is the greatest common divisor of 301920 and 96?
96
Calculate the greatest common divisor of 45 and 145.
5
Calculate the greatest common divisor of 14934 and 912.
114
Calculate the highest common divisor of 138 and 11262.
6
Calculate the greatest common factor of 1326 and 2388.
6
What is the highest common divisor of 36556 and 91?
13
What is the greatest common divisor of 81 and 1179?
9
Calculate the highest common factor of 651 and 40827.
93
Calculate the highest common divisor of 539 and 484.
11
What is the greatest common factor of 2 and 225829?
1
Calculate the greatest common divisor of 1915 and 265.
5
Calculate the highest common divisor of 2990 and 12870.
130
What is the highest common factor of 39008 and 9568?
736
What is the highest common divisor of 37929 and 11298?
807
Calculate the greatest common factor of 4085 and 172.
43
What is the greatest common divisor of 28 and 9772?
28
What is the greatest common divisor of 64462 and 25718?
334
Calculate the greatest common divisor of 80638 and 46.
46
Calculate the highest common factor of 3321 and 943.
41
What is the highest common divisor of 32976 and 648?
72
What is the highest common divisor of 5 and 57829?
1
Calculate the highest common factor of 19712 and 101248.
896
Calculate the highest common factor of 604510 and 61.
61
Calculate the greatest common divisor of 86504 and 16.
8
What is the greatest common factor of 47690 and 2356?
38
Calculate the highest common factor of 13617 and 623.
89
What is the greatest common factor of 2 and 2603234?
2
What is the highest common factor of 12 and 307656?
12
What is the highest common divisor of 307979 and 14?
7
What is the greatest common factor of 23870 and 1155?
385
Calculate the greatest common divisor of 728 and 607204.
52
What is the highest common factor of 2958 and 6426?
102
What is the highest common divisor of 3291 and 3?
3
Calculate the highest common factor of 8 and 798676.
4
Calculate the highest common divisor of 19040 and 115430.
1190
What is the highest common factor of 7026 and 162?
6
Calculate the greatest common divisor of 4688 and 12368.
16
What is the greatest common factor of 86053 and 33?
11
What is the greatest common factor of 871 and 5252?
13
What is the highest common divisor of 1701 and 399?
21
What is the greatest common factor of 33743 and 3292?
823
What is the highest common factor of 75257 and 1755?
13
What is the highest common factor of 6078 and 192?
6
What is the greatest common divisor of 41052 and 299804?
1244
Calculate the greatest common divisor of 172 and 1984.
4
Calculate the greatest common divisor of 21449 and 23859.
241
Calculate the greatest common factor of 1210 and 35090.
1210
Calculate the greatest common factor of 3738 and 30171.
267
Calculate the highest common divisor of 1375 and 5632.
11
What is the greatest common factor of 33 and 76417?
11
What is the highest common divisor of 318439 and 22?
11
What is the highest common divisor of 6159 and 6?
3
Calculate the greatest common factor of 10044 and 513.
27
Calculate the highest common factor of 76590 and 345.
345
What is the greatest common factor of 220 and 40524?
44
Calculate the highest common divisor of 92603 and 112.
7
Calculate the highest common factor of 207 and 435465.
9
What is the highest common factor of 4300 and 182200?
100
What is the greatest common divisor of 80 and 20820?
20
Calculate the greatest common factor of 54069 and 536.
67
Calculate the greatest common factor of 203894 and 1552.
194
Calculate the highest common factor of 8043 and 462.
21
Calculate the highest common factor of 1380 and 591.
3
Calculate the greatest common factor of 22524 and 96.
12
What is the highest common divisor of 803792 and 440?
88
What is the greatest common divisor of 11415 and 2925?
15
What is the highest common factor of 40 and 247250?
10
What is the greatest common divisor of 344388 and 1386?
66
What is the greatest common divisor of 2045 and 35?
5
What is the highest common factor of 598 and 182068?
46
Calculate the greatest common factor of 1498 and 119.
7
What is the greatest common factor of 4331 and 1037?
61
Calculate the greatest common divisor of 47446 and 70.
14
Calculate the highest common divisor of 549 and 8439228.
549
Calculate the highest common factor of 109810 and 5135.
395
What is the highest common factor of 101376 and 1320?
264
Calculate the highest common divisor of 3306 and 361.
19
What is the highest common factor of 3 and 2494?
1
What is the highest common divisor of 175 and 78575?
175
What is the greatest common divisor of 7308 and 994932?
1044
Calculate the highest common divisor of 251999 and 4433.
341
What is the greatest common factor of 4366 and 2006?
118
What is the highest common divisor of 1049007 and 552?
69
Calculate the greatest common divisor of 110 and 57985.
5
What is the highest common factor of 612 and 884?
68
Calculate the greatest common divisor of 47 and 166427.
47
What is the highest common factor of 996 and 72044?
332
Calculate the greatest common factor of 82695 and 555.
555
Calculate the highest common factor of 1100 and 67200.
100
What is the greatest common divisor of 15051 and 2249?
173
What is the highest common divisor of 5614 and 406?
14
What is the greatest common factor of 504545 and 791?
113
Calculate the highest common factor of 1690073 and 658.
329
Calculate the highest common factor of 309 and 6096.
3
Calculate the greatest common factor of 555467 and 11.
11
Calculate the greatest common factor of 9978 and 282.
6
What is the highest common divisor of 828 and 3900?
12
Calculate the greatest common factor of 462784 and 952.
56
What is the greatest common divisor of 1040 and 44265?
65
Calculate the greatest common factor of 36840 and 120.
120
What is the highest common factor of 119306 and 116?
58
Calculate the highest common divisor of 8905 and 65.
65
What is the greatest common factor of 803293 and 1087?
1087
Calculate the highest common factor of 22 and 3447103.
11
Calculate the highest common factor of 727127 and 788.
197
Calculate the highest common divisor of 2 and 28993.
1
Calculate the greatest common divisor of 177 and 2048421.
177
What is the highest common factor of 715992 and 24?
24
What 